{"id":42,"date":"2013-11-15T01:07:14","date_gmt":"2013-11-14T23:07:14","guid":{"rendered":"http:\/\/www.sv-rothebusch.de\/site\/?page_id=42"},"modified":"2023-05-11T11:08:25","modified_gmt":"2023-05-11T10:08:25","slug":"vereinsheim","status":"publish","type":"page","link":"https:\/\/www.sv-rothebusch.de\/site\/?page_id=42","title":{"rendered":"Vereinsheim"},"content":{"rendered":"<p>Wir verf\u00fcgen als Verein \u00fcber ein ca. 2000 m\u00b2 gro\u00dfes Multifunktionsgel\u00e4nde worauf sowohl unser Vereinsheim inkl. f\u00fcnf Luftgewehrschie\u00dfst\u00e4nden steht, als auch unser j\u00e4hrliches Sch\u00fctzenfest inkl. aller weiterer Veranstaltungen stattfindet.<\/p>\n<p>Dieses Gel\u00e4nde ist seit 2011 unser Eigentum und ist im laufe vieler Jahre und mit Hilfe unserer Mitglieder und freiwilliger Helfer zu dem geworden was es heute ist!<\/p>\n<p>Zu unserem 100 J\u00e4hrigen Jubil\u00e4um haben wir das Au\u00dfengel\u00e4nde nochmal komplett auf Vordermann gebracht, sodass selbiges nun wieder in fast neuem Glanz erstrahlt.<\/p>\n<p>Dank der direkten n\u00e4he zum gro\u00dfen Revierpark-Parkplatz an der Koppenburgstra\u00dfe stehen uns ebenfalls ~100 Parkpl\u00e4tze zur Verf\u00fcgung!<\/p>\n<h2><strong>Vereinsheim mieten:<\/strong><\/h2>\n<p>Sie wollen unser Vereinsheim bzw. unser Gel\u00e4nde f\u00fcr Ihre Veranstaltung mieten?<br \/>\nDann kontaktieren Sie uns \u00fcber einen der beiden folgenden Wege:<\/p>\n<p><strong>Telefon:<\/strong> <a href=\"tel:02041 \/ 7735946\">02041 \/ 7735946<\/a><br \/>\n<em>(Automatische Rufannahme. Bitte hinterlassen Sie dort Ihren Namen, Ihre Rufnummer sowie Ihren Terminwunsch.<br \/>\nUnser zust\u00e4ndiger Ansprechpartner meldet sich dann kurzfristig bei Ihnen.)<\/em><\/p>\n<p>oder schreiben Sie per <strong>Mail<\/strong> an: vermietung@sv-rothebusch.de<\/p>\n","protected":false},"excerpt":{"rendered":"<p>Wir verf\u00fcgen als Verein \u00fcber ein ca. 2000 m\u00b2 gro\u00dfes Multifunktionsgel\u00e4nde worauf sowohl unser Vereinsheim inkl. f\u00fcnf Luftgewehrschie\u00dfst\u00e4nden steht, als auch unser j\u00e4hrliches Sch\u00fctzenfest inkl. aller weiterer Veranstaltungen stattfindet. Dieses Gel\u00e4nde ist seit 2011 unser Eigentum und ist im laufe vieler Jahre und mit Hilfe unserer Mitglieder und freiwilliger Helfer zu dem geworden was es [&hellip;]<\/p>\n","protected":false},"author":3,"featured_media":2866,"parent":2,"menu_order":0,"comment_status":"closed","ping_status":"closed","template":"","meta":{"footnotes":""},"class_list":["post-42","page","type-page","status-publish","has-post-thumbnail","hentry","post","post-with-thumbnail","post-with-thumbnail-large"],"_links":{"self":[{"href":"https:\/\/www.sv-rothebusch.de\/site\/index.php?rest_route=\/wp\/v2\/pages\/42","targetHints":{"allow":["GET"]}}],"collection":[{"href":"https:\/\/www.sv-rothebusch.de\/site\/index.php?rest_route=\/wp\/v2\/pages"}],"about":[{"href":"https:\/\/www.sv-rothebusch.de\/site\/index.php?rest_route=\/wp\/v2\/types\/page"}],"author":[{"embeddable":true,"href":"https:\/\/www.sv-rothebusch.de\/site\/index.php?rest_route=\/wp\/v2\/users\/3"}],"replies":[{"embeddable":true,"href":"https:\/\/www.sv-rothebusch.de\/site\/index.php?rest_route=%2Fwp%2Fv2%2Fcomments&post=42"}],"version-history":[{"count":11,"href":"https:\/\/www.sv-rothebusch.de\/site\/index.php?rest_route=\/wp\/v2\/pages\/42\/revisions"}],"predecessor-version":[{"id":2875,"href":"https:\/\/www.sv-rothebusch.de\/site\/index.php?rest_route=\/wp\/v2\/pages\/42\/revisions\/2875"}],"up":[{"embeddable":true,"href":"https:\/\/www.sv-rothebusch.de\/site\/index.php?rest_route=\/wp\/v2\/pages\/2"}],"wp:featuredmedia":[{"embeddable":true,"href":"https:\/\/www.sv-rothebusch.de\/site\/index.php?rest_route=\/wp\/v2\/media\/2866"}],"wp:attachment":[{"href":"https:\/\/www.sv-rothebusch.de\/site\/index.php?rest_route=%2Fwp%2Fv2%2Fmedia&parent=42"}],"curies":[{"name":"wp","href":"https:\/\/api.w.org\/{rel}","templated":true}]}}

<p>Wir verfügen als Verein über ein ca. 2000 m² großes Multifunktionsgelände worauf sowohl unser Vereinsheim inkl. fünf Luftgewehrschießständen steht, als auch unser jährliches Schützenfest inkl. aller weiterer Veranstaltungen stattfindet.</p>
<p>Dieses Gelände ist seit 2011 unser Eigentum und ist im laufe vieler Jahre und mit Hilfe unserer Mitglieder und freiwilliger Helfer zu dem geworden was es heute ist!</p>
<p>Zu unserem 100 Jährigen Jubiläum haben wir das Außengelände nochmal komplett auf Vordermann gebracht, sodass selbiges nun wieder in fast neuem Glanz erstrahlt.</p>
<p>Dank der direkten nähe zum großen Revierpark-Parkplatz an der Koppenburgstraße stehen uns ebenfalls ~100 Parkplätze zur Verfügung!</p>
<h2><strong>Vereinsheim mieten:</strong></h2>
<p>Sie wollen unser Vereinsheim bzw. unser Gelände für Ihre Veranstaltung mieten?<br />
Dann kontaktieren Sie uns über einen der beiden folgenden Wege:</p>
<p><strong>Telefon:</strong> <a href="tel:02041 / 7735946">02041 / 7735946</a><br />
<em>(Automatische Rufannahme. Bitte hinterlassen Sie dort Ihren Namen, Ihre Rufnummer sowie Ihren Terminwunsch.<br />
Unser zuständiger Ansprechpartner meldet sich dann kurzfristig bei Ihnen.)</em></p>
<p>oder schreiben Sie per <strong>Mail</strong> an: vermietung@sv-rothebusch.de</p>

<p>Wir verfügen als Verein über ein ca. 2000 m² großes Multifunktionsgelände worauf sowohl unser Vereinsheim inkl. fünf Luftgewehrschießständen steht, als auch unser jährliches Schützenfest inkl. aller weiterer Veranstaltungen stattfindet. Dieses Gelände ist seit 2011 unser Eigentum und ist im laufe vieler Jahre und mit Hilfe unserer Mitglieder und freiwilliger Helfer zu dem geworden was es [&hellip;]</p>
