{"id":2922,"date":"2023-05-13T01:18:08","date_gmt":"2023-05-12T23:18:08","guid":{"rendered":"https:\/\/www.sv-rothebusch.de\/site\/?page_id=2922"},"modified":"2023-05-13T01:18:32","modified_gmt":"2023-05-12T23:18:32","slug":"svr-kurzchronik","status":"publish","type":"page","link":"https:\/\/www.sv-rothebusch.de\/site\/?page_id=2922","title":{"rendered":"Kurzchronik"},"content":{"rendered":"\n<figure class=\"wp-block-table is-style-stripes\"><table><tbody><tr><td><strong>Jahr <\/strong><\/td><td><strong>Ereignis:<\/strong><\/td><\/tr><tr><td><strong>1922<\/strong><\/td><td>Gr\u00fcndung des Vereins. Dieser entstand aus der Kompanie Gro\u00dfeschmidt, des Sch\u00fctzenverein BSV 1882 Osterfeld.<br>Zum neuen Vereinslokal wurde die Gastst\u00e4tte L\u00fcger an der Koppenburgstra\u00dfe gew\u00e4hlt.<br>Das erste kleine Sch\u00fctzenfest wurde gefeiert. Erstes K\u00f6nigspaar: Heinrich I. Koppers und Johanna I. Konopka.<\/td><\/tr><tr><td><strong>1925<\/strong><\/td><td>Erstes gro\u00dfes Sch\u00fctzenfest &#8211; Hier konnte August I. Konopka die K\u00f6nigsw\u00fcrde ergattern.<\/td><\/tr><tr><td><strong>1933<\/strong><\/td><td>Nach dem die NSDAP in Deutschland an die Macht kam, wurde unser Sch\u00fctzenverein seinem Ursprungsverein wieder eingegliedert.<\/td><\/tr><tr><td><strong>1952<\/strong><\/td><td>Wiedergr\u00fcndung des Vereins. Sportst\u00e4tte in der Gastst\u00e4tte L\u00fcger aufgebaut. Erstes Kindersch\u00fctzenfest.<\/td><\/tr><tr><td><strong>1953<\/strong><\/td><td>Das erste Sch\u00fctzenfest der Nachkriegszeit fand statt, auf der alten Flakstellung. Leider ist kurz vor dem Fest der amtierende K\u00f6nig aus 1931 Heinrich Pasing verstorben.<br>Sein Amt \u00fcbernahm der Prinzgemahl Heinrich Rohring. Zusammen mit der K\u00f6nigin Theodore Rohring er\u00f6ffneten sie die Feierlichkeiten.<br>Nat\u00fcrlich gab es auch einen neuen \u201eersten\u201c K\u00f6nig mit Wilhelm Konopka und eine \u201eerste\u201c K\u00f6nigin mit Gretel I. Fischer.<\/td><\/tr><tr><td><strong>1955<\/strong><\/td><td>Es wurde die Jugendabteilung gegr\u00fcndet. Deren erster Prinz wurde 1959 Dieter Flintrop.<\/td><\/tr><tr><td><strong>1965<\/strong><\/td><td>Erstes Sch\u00fctzenfest auf dem Festplatz an der Kirche St. Marien.<\/td><\/tr><tr><td><strong>1972<\/strong><\/td><td>Die alten Uniformen wurden durch neue entmilitarisierte ersetzt. Auch die diversen R\u00e4nge wurden abgeschafft, sodass es seitdem nur noch Sch\u00fctzen oder Offiziere gibt.<\/td><\/tr><tr><td><strong>1978<\/strong><\/td><td>Abspaltung des Spielmannszug Rothebusch, der sich 1953 innerhalb des Vereins gegr\u00fcndet hat. Seine neue Heimat fand der Spielmannszug im Haus Reimann.<\/td><\/tr><tr><td><strong>1984<\/strong><\/td><td>Einf\u00fchrung der Ehrenmedaillen in Gold und Silber. Diese werden bis heute f\u00fcr besondere Verdienste vergeben.<\/td><\/tr><tr><td><strong>1987<\/strong><\/td><td>Einf\u00fchrung des &#8222;K\u00f6nig der K\u00f6nige&#8220; Schie\u00dfen im 5 Jahre Rhytmus. An diesem Schie\u00dfen d\u00fcrfen nur diejenigen teilnehmen, die mindestens einmal die K\u00f6nigsw\u00fcrde ergattern konnten.<\/td><\/tr><tr><td><strong>1991<\/strong><\/td><td>Weihe der neuen Vereinsfahne durch Pastor Gosselke in der Kirche St. Marien Rothebusch unter dem Motto \u201eIn Treue zum Alten, die Zukunft gestalten\u201c.<\/td><\/tr><tr><td><strong>1992<\/strong><\/td><td>Der Mietvertrag f\u00fcr unseren Schie\u00dfstand L\u00fcger wurde nicht mehr verl\u00e4ngert, sodass wir diesen zum 31.05.1993 r\u00e4umen mussten.<\/td><\/tr><tr><td><strong>12.10.1996<\/strong><\/td><td>1. Spatenstich f\u00fcr unser Vereinsheim auf dem Gel\u00e4nde des ehem. Bauspielplatzes an der N\u00fcrnberger Stra\u00dfe 99.<\/td><\/tr><tr><td><strong>24.01.1998<\/strong><\/td><td>Einweihung des neuen Vereinsheimes sowie des Festplatzes an der N\u00fcrnberger Stra\u00dfe 99.<\/td><\/tr><tr><td><strong>1998<\/strong><\/td><td>Premiere des Optik-Giepen Mannschaftspokalschie\u00dfen.<\/td><\/tr><tr><td><strong>2003<\/strong><\/td><td>Ausbau der Platzanlage an der N\u00fcrnberger Stra\u00dfe 99<\/td><\/tr><tr><td><strong>22.03.2009<\/strong><\/td><td>Weihe der neuen Jugendstandarte, 50 Jahre nach dem der erste Jugendprinz ausgeschossen wurde.<\/td><\/tr><tr><td><strong>2009<\/strong><\/td><td>Kauf des Grundst\u00fccks, auf dem sich unser Vereinsheim inkl. Schie\u00dfstand und der 2003 ausgebauten Platzanlage befindet.<\/td><\/tr><tr><td><strong>2020<\/strong><\/td><td>Die Corona-Pandemie ersch\u00fcttert die Welt und das Vereinsleben steht ca. 2 Jahre still.<\/td><\/tr><tr><td><strong>2022<\/strong><\/td><td>Der Sch\u00fctzenverein Rothebusch feiert sein 100. J\u00e4hriges Jubil\u00e4um!<\/td><\/tr><\/tbody><\/table><\/figure>\n\n\n\n<p><\/p>\n","protected":false},"excerpt":{"rendered":"<p>Jahr Ereignis: 1922 Gr\u00fcndung des Vereins. Dieser entstand aus der Kompanie Gro\u00dfeschmidt, des Sch\u00fctzenverein BSV 1882 Osterfeld.Zum neuen Vereinslokal wurde die Gastst\u00e4tte L\u00fcger an der Koppenburgstra\u00dfe gew\u00e4hlt.Das erste kleine Sch\u00fctzenfest wurde gefeiert. Erstes K\u00f6nigspaar: Heinrich I. Koppers und Johanna I. Konopka. 1925 Erstes gro\u00dfes Sch\u00fctzenfest &#8211; Hier konnte August I. Konopka die K\u00f6nigsw\u00fcrde ergattern. 1933 [&hellip;]<\/p>\n","protected":false},"author":4,"featured_media":2866,"parent":0,"menu_order":0,"comment_status":"closed","ping_status":"closed","template":"","meta":{"footnotes":""},"class_list":["post-2922","page","type-page","status-publish","has-post-thumbnail","hentry","post","post-with-thumbnail","post-with-thumbnail-large"],"_links":{"self":[{"href":"https:\/\/www.sv-rothebusch.de\/site\/index.php?rest_route=\/wp\/v2\/pages\/2922","targetHints":{"allow":["GET"]}}],"collection":[{"href":"https:\/\/www.sv-rothebusch.de\/site\/index.php?rest_route=\/wp\/v2\/pages"}],"about":[{"href":"https:\/\/www.sv-rothebusch.de\/site\/index.php?rest_route=\/wp\/v2\/types\/page"}],"author":[{"embeddable":true,"href":"https:\/\/www.sv-rothebusch.de\/site\/index.php?rest_route=\/wp\/v2\/users\/4"}],"replies":[{"embeddable":true,"href":"https:\/\/www.sv-rothebusch.de\/site\/index.php?rest_route=%2Fwp%2Fv2%2Fcomments&post=2922"}],"version-history":[{"count":4,"href":"https:\/\/www.sv-rothebusch.de\/site\/index.php?rest_route=\/wp\/v2\/pages\/2922\/revisions"}],"predecessor-version":[{"id":2928,"href":"https:\/\/www.sv-rothebusch.de\/site\/index.php?rest_route=\/wp\/v2\/pages\/2922\/revisions\/2928"}],"wp:featuredmedia":[{"embeddable":true,"href":"https:\/\/www.sv-rothebusch.de\/site\/index.php?rest_route=\/wp\/v2\/media\/2866"}],"wp:attachment":[{"href":"https:\/\/www.sv-rothebusch.de\/site\/index.php?rest_route=%2Fwp%2Fv2%2Fmedia&parent=2922"}],"curies":[{"name":"wp","href":"https:\/\/api.w.org\/{rel}","templated":true}]}}