{"id":2802,"date":"2023-05-10T10:20:37","date_gmt":"2023-05-10T09:20:37","guid":{"rendered":"https:\/\/www.sv-rothebusch.de\/site\/?page_id=2802"},"modified":"2023-05-10T20:56:43","modified_gmt":"2023-05-10T19:56:43","slug":"__trashed","status":"publish","type":"page","link":"https:\/\/www.sv-rothebusch.de\/site\/?page_id=2802","title":{"rendered":"Bambinis"},"content":{"rendered":"\n<h1 class=\"wp-block-heading\"><u><strong>Betreuung<\/strong><\/u><\/h1>\n\n\n\n<p>Alexa Loh<br>Robin Loh<\/p>\n\n\n\n<hr class=\"wp-block-separator has-alpha-channel-opacity is-style-dots\"\/>\n\n\n\n<h2 class=\"wp-block-heading\"><strong><u>Wer sind die Bambinis?<\/u><\/strong><\/h2>\n\n\n\n<p>Die Bambinis sind innerhalb unseres Vereins eine Unterabteilung der Jugendabteilung.<br>Im Jahr 2022 haben wir uns dazu entschlossen, aufgrund der wachsenden Anzahl, unseren j\u00fcngsten im Verein eine eigene Zeit f\u00fcr sich einzur\u00e4umen.<\/p>\n\n\n\n<p>In dieser Zeit k\u00f6nnen die j\u00fcngsten in Ruhe, ohne von den gro\u00dfen Jugendlichen gest\u00f6rt zu werden, mit dem Lichtpunktgewehr erste Erfahrungen im Schie\u00dfsport sammeln.<br>Anschlie\u00dfend bietet unser Gel\u00e4nde den kleinen eine Menge Freiraum um sich so richtig auszupowern. Hier arbeitet der Verein weiter daran den kleinen noch mehr M\u00f6glichkeiten zur Verf\u00fcgung zu stellen.<\/p>\n\n\n\n<p><\/p>\n\n\n\n<p>Ihr habt auch Interesse, Teil der Jungsch\u00fctzenabteilung zu sein und wollt uns n\u00e4her kennenlernen?<br>Dann kommt einfach bei unserem <a href=\"http:\/\/www.sv-rothebusch.de\/site\/?page_id=69\">Trainingstag<\/a> vorbei!<\/p>\n","protected":false},"excerpt":{"rendered":"<p>Betreuung Alexa LohRobin Loh Wer sind die Bambinis? Die Bambinis sind innerhalb unseres Vereins eine Unterabteilung der Jugendabteilung.Im Jahr 2022 haben wir uns dazu entschlossen, aufgrund der wachsenden Anzahl, unseren j\u00fcngsten im Verein eine eigene Zeit f\u00fcr sich einzur\u00e4umen. In dieser Zeit k\u00f6nnen die j\u00fcngsten in Ruhe, ohne von den gro\u00dfen Jugendlichen gest\u00f6rt zu werden, [&hellip;]<\/p>\n","protected":false},"author":3,"featured_media":2866,"parent":17,"menu_order":0,"comment_status":"closed","ping_status":"closed","template":"","meta":{"footnotes":""},"class_list":["post-2802","page","type-page","status-publish","has-post-thumbnail","hentry","post","post-with-thumbnail","post-with-thumbnail-large"],"_links":{"self":[{"href":"https:\/\/www.sv-rothebusch.de\/site\/index.php?rest_route=\/wp\/v2\/pages\/2802","targetHints":{"allow":["GET"]}}],"collection":[{"href":"https:\/\/www.sv-rothebusch.de\/site\/index.php?rest_route=\/wp\/v2\/pages"}],"about":[{"href":"https:\/\/www.sv-rothebusch.de\/site\/index.php?rest_route=\/wp\/v2\/types\/page"}],"author":[{"embeddable":true,"href":"https:\/\/www.sv-rothebusch.de\/site\/index.php?rest_route=\/wp\/v2\/users\/3"}],"replies":[{"embeddable":true,"href":"https:\/\/www.sv-rothebusch.de\/site\/index.php?rest_route=%2Fwp%2Fv2%2Fcomments&post=2802"}],"version-history":[{"count":8,"href":"https:\/\/www.sv-rothebusch.de\/site\/index.php?rest_route=\/wp\/v2\/pages\/2802\/revisions"}],"predecessor-version":[{"id":2843,"href":"https:\/\/www.sv-rothebusch.de\/site\/index.php?rest_route=\/wp\/v2\/pages\/2802\/revisions\/2843"}],"up":[{"embeddable":true,"href":"https:\/\/www.sv-rothebusch.de\/site\/index.php?rest_route=\/wp\/v2\/pages\/17"}],"wp:featuredmedia":[{"embeddable":true,"href":"https:\/\/www.sv-rothebusch.de\/site\/index.php?rest_route=\/wp\/v2\/media\/2866"}],"wp:attachment":[{"href":"https:\/\/www.sv-rothebusch.de\/site\/index.php?rest_route=%2Fwp%2Fv2%2Fmedia&parent=2802"}],"curies":[{"name":"wp","href":"https:\/\/api.w.org\/{rel}","templated":true}]}}