{"id":20,"date":"2013-11-14T23:05:32","date_gmt":"2013-11-14T21:05:32","guid":{"rendered":"http:\/\/www.sv-rothebusch.de\/site\/?page_id=20"},"modified":"2023-05-10T20:53:36","modified_gmt":"2023-05-10T19:53:36","slug":"jugend","status":"publish","type":"page","link":"https:\/\/www.sv-rothebusch.de\/site\/?page_id=20","title":{"rendered":"Jugend"},"content":{"rendered":"\n<h2 class=\"wp-block-heading\"><span style=\"text-decoration: underline;\"><strong>Leitung:<\/strong><\/span><\/h2>\n\n\n\n<p>Kevin Maslanak<br>Kevin Wa\u00dfer<\/p>\n\n\n\n<hr class=\"wp-block-separator has-alpha-channel-opacity is-style-dots\"\/>\n\n\n\n<h2 class=\"wp-block-heading\"><span style=\"text-decoration: underline;\"><strong>Die Jugendabteilung stellt sich vor:<\/strong><\/span><\/h2>\n\n\n\n<p><span style=\"text-decoration: underline;\"><strong>Wer sind wir?<\/strong><\/span><br>Wir sind ein Haufen junger Leute, die Lust haben, sich in ihrer Freizeit miteinander zu treffen und gemeinsam Dinge zu erleben und dabei Spa\u00df zu haben. Wir haben ein sch\u00f6n gro\u00dfes Gel\u00e4nde, auf dem wir allerhand Aktivit\u00e4ten aus\u00fcben k\u00f6nnen. Im Sommer spielen wir Fu\u00dfball, Hockey, Tischtennis, Badminton oder machen einen Sommerbiathlon. Drinnen steht uns aber auch ein Kicker, eine Dartscheibe und ein Schie\u00dfstand zur Verf\u00fcgung.<\/p>\n\n\n\n<p><span style=\"text-decoration: underline;\"><strong>Was sind wir?<\/strong><\/span><br>Wir sind die Jugendabteilung des Sch\u00fctzenverein Rothebusch 1922 e.V.! Wir nehmen am sportlichen und am traditionellen Leben im Sch\u00fctzenverein teil.<\/p>\n\n\n\n<p><span style=\"text-decoration: underline;\"><strong>Was ist ein Sch\u00fctzenverein?<\/strong><\/span><br>Ein Sch\u00fctzenverein ist ein Verein, wie jeder andere: mit regelm\u00e4\u00dfigen Trainingstagen, Ausfl\u00fcgen, Feiern und au\u00dfersportlichen Aktivit\u00e4ten. Was uns von anderen Vereinen unterscheidet, ist, dass unsere Vereinsbekleidung zwei Seiten hat. Auf der einen Seite haben wir die Sportkleidung (wird gestellt), mit der wir den Schie\u00dfsport aus\u00fcben. Auf der anderen Seite haben wir noch unsere traditionelle Bekleidung, die wir auf Sch\u00fctzenfesten und anderen besonderen Veranstaltungen tragen. Schwarze Hose und wei\u00dfes Hemd hat ja jeder schon einmal angehabt, nur die gr\u00fcne Krawatte (wird gestellt) ist eventuell neu f\u00fcr euch.<\/p>\n\n\n\n<p><span style=\"text-decoration: underline;\"><strong>Wer passt zu uns?<\/strong><\/span><br>Jugendliche im Alter von 10 bis 21 Jahren, die Lust haben, sich im Sch\u00fctzenverein auszupowern.<\/p>\n\n\n\n<p><span style=\"text-decoration: underline;\"><strong>Wo und wann sind wir da?<\/strong><\/span><br>Unsere Trainingszeiten sind montags und mittwochs von 18:00 bis 20:00 Uhr (kann im Sommer auch mal etwas l\u00e4nger gehen).<\/p>\n\n\n\n<p><span style=\"text-decoration: underline;\"><strong>Was mache ich, wenn ich zu alt f\u00fcr die Jugend bin?<\/strong><\/span><br>Dann schau einfach mal in den anderen Abteilungen vorbei. Bei uns im Verein ist f\u00fcr jeden was dabei.<\/p>\n","protected":false},"excerpt":{"rendered":"<p>Leitung: Kevin MaslanakKevin Wa\u00dfer Die Jugendabteilung stellt sich vor: Wer sind wir?Wir sind ein Haufen junger Leute, die Lust haben, sich in ihrer Freizeit miteinander zu treffen und gemeinsam Dinge zu erleben und dabei Spa\u00df zu haben. Wir haben ein sch\u00f6n gro\u00dfes Gel\u00e4nde, auf dem wir allerhand Aktivit\u00e4ten aus\u00fcben k\u00f6nnen. Im Sommer spielen wir Fu\u00dfball, [&hellip;]<\/p>\n","protected":false},"author":3,"featured_media":241,"parent":17,"menu_order":0,"comment_status":"closed","ping_status":"closed","template":"","meta":{"footnotes":""},"class_list":["post-20","page","type-page","status-publish","has-post-thumbnail","hentry","post","post-with-thumbnail","post-with-thumbnail-large"],"_links":{"self":[{"href":"https:\/\/www.sv-rothebusch.de\/site\/index.php?rest_route=\/wp\/v2\/pages\/20","targetHints":{"allow":["GET"]}}],"collection":[{"href":"https:\/\/www.sv-rothebusch.de\/site\/index.php?rest_route=\/wp\/v2\/pages"}],"about":[{"href":"https:\/\/www.sv-rothebusch.de\/site\/index.php?rest_route=\/wp\/v2\/types\/page"}],"author":[{"embeddable":true,"href":"https:\/\/www.sv-rothebusch.de\/site\/index.php?rest_route=\/wp\/v2\/users\/3"}],"replies":[{"embeddable":true,"href":"https:\/\/www.sv-rothebusch.de\/site\/index.php?rest_route=%2Fwp%2Fv2%2Fcomments&post=20"}],"version-history":[{"count":17,"href":"https:\/\/www.sv-rothebusch.de\/site\/index.php?rest_route=\/wp\/v2\/pages\/20\/revisions"}],"predecessor-version":[{"id":2839,"href":"https:\/\/www.sv-rothebusch.de\/site\/index.php?rest_route=\/wp\/v2\/pages\/20\/revisions\/2839"}],"up":[{"embeddable":true,"href":"https:\/\/www.sv-rothebusch.de\/site\/index.php?rest_route=\/wp\/v2\/pages\/17"}],"wp:featuredmedia":[{"embeddable":true,"href":"https:\/\/www.sv-rothebusch.de\/site\/index.php?rest_route=\/wp\/v2\/media\/241"}],"wp:attachment":[{"href":"https:\/\/www.sv-rothebusch.de\/site\/index.php?rest_route=%2Fwp%2Fv2%2Fmedia&parent=20"}],"curies":[{"name":"wp","href":"https:\/\/api.w.org\/{rel}","templated":true}]}}